alculate the greatest common divisor of 30 and i.
6
Let z be -6 - (-8 + (-5 - -11) - 68). Calculate the highest common divisor of 3072 and z.
64
Suppose -336 = -24*z + 45*z - 23*z. Calculate the greatest common divisor of z and 315.
21
Let q = 7204 + -6619. Calculate the greatest common factor of q and 30.
15
Let t(v) = v**3 - 7*v**2 + v - 54. Let s be t(8). Let x = -167 - -365. Calculate the greatest common divisor of s and x.
18
Let g(z) = 23*z - 103. Let d be g(7). Suppose 20 = -5*f + 6*f - 3*h, 0 = 4*f + 2*h - 122. What is the greatest common factor of f and d?
29
Suppose 657 = 4*l + 4*x - 59, 0 = -l + 5*x + 203. Suppose -s + 4*s + l = 0. Let u = -35 - s. What is the greatest common divisor of u and 65?
13
Suppose 0 = n - 4*c - 372, -n + 3*n + 4*c = 708. Suppose 2318 = 628*z - 5218. What is the highest common factor of z and n?
12
Let f(h) = 13*h**2 - 195*h - 108. Let a be f(-14). Calculate the highest common factor of 165 and a.
55
Suppose -93*r + 34395 = 9285. What is the greatest common factor of r and 660?
30
Let l = 279 + -138. Let b = -108 + l. What is the highest common divisor of 33 and b?
33
Let m(l) = 147*l + 117. Let s be m(5). Suppose 2952 = 42*j + s. What is the highest common divisor of 125 and j?
25
Suppose -2*b + 15*d + 78 = 13*d, b - 51 = 4*d. What is the greatest common factor of 125 and b?
5
Let g be ((-558)/24 - -21)*(-40)/6. Calculate the highest common divisor of g and 1385.
5
Let v = 122 - -441. Suppose 0 = -6*k + 35 - v. Let m be 9/(-1)*k/33. Calculate the greatest common divisor of 16 and m.
8
Let f(t) = t**2 - 4260*t + 194005. Let i be f(46). Suppose -92 = -3*n + 2*n. Calculate the highest common factor of i and n.
23
Suppose -14*f + 13*f + 409 = r, 0 = 4*f - 5*r - 1690. Calculate the greatest common divisor of f and 664.
83
Suppose -2*p = -0*p + 8. Let m be (-84)/p - (0 + 1). Let a = 103 - 99. What is the greatest common factor of m and a?
4
Let r be 258/(-43) - 47/((-5)/(-3) - 2). Calculate the greatest common divisor of r and 216.
27
Suppose 4*n = -a + 44, n - a + 2 = 2*a. Suppose -i + 3*g = -64 - 16, -5*i = 4*g - 324. Let q = 118 - i. What is the highest common divisor of q and n?
10
Let j be (2/(-4))/((-4)/56). Let y(l) = -2*l + 23. Let p be y(j). Suppose -p + 3 = -3*s. What is the greatest common factor of 18 and s?
2
Let h = 12 - 3. Suppose 0 = -12*y + 38*y - 5382. Calculate the greatest common divisor of y and h.
9
Suppose 62*y = 58*y - 280. Let s be (-27)/3*y/6. What is the highest common factor of 45 and s?
15
Let k be 1/(-3) + 1 + (-476)/12. Let z = k + 39. Suppose -3*u = -z*u - 54. Calculate the greatest common factor of 12 and u.
6
Let t(n) = 4*n**2 - 7*n - 7. Let y be t(10). Let f = -288 + y. What is the highest common factor of f and 140?
35
Let l = -27 - -44. Suppose 1716 = 4*d + 2*q, -3*d + q + 1286 = 3*q. Let y = -294 + d. Calculate the highest common factor of y and l.
17
Suppose -4*j + 0*s - s - 7 = 0, 4*j - 3*s = 5. Let d be (-1)/(-1) + (j - 4) + -6. Let c be d/(-3)*3 + (7 - 4). What is the highest common divisor of c and 26?
13
Let r = 58 - 57. Let x(d) = 88*d - 7. Let t be x(r). Suppose -s - t = -p - 6*s, -3*s = 3*p - 267. Calculate the highest common divisor of p and 13.
13
Let i be (-225)/4*(351 + -355). Calculate the greatest common factor of 275 and i.
25
Suppose 0 = 5*h - 5, 0 = 3*b - 6*b + 3*h + 1353. Calculate the greatest common factor of 4 and b.
4
Suppose -47*p = -123*p + 70680. What is the highest common divisor of 62 and p?
62
Let l(p) be the first derivative of p**4/4 - 7*p**3/3 + 11*p**2/2 - 14*p - 46. Let w be l(6). Calculate the greatest common divisor of 32 and w.
16
Let a = 2 - -15. Let c(p) = 1041*p + 56. Let k be c(3). Suppose 26*r = 9*r + k. Calculate the highest common divisor of r and a.
17
Suppose -21*c - 8*c = -1566 - 435. Calculate the highest common factor of c and 1472.
23
Let k = 115 - -124. Let a = 622 - k. Let f = a + -251. Calculate the greatest common divisor of 33 and f.
33
Suppose -31*k - 4 = -32*k. Let h be 25 - (1 + k - 2). Let g(o) = -o**2 - 17*o. Let v be g(-11). What is the greatest common divisor of h and v?
22
Suppose 5*g - 8 = -3*u + 125, u - 5*g = 11. Let w(b) = -b**2 - 8*b + 252. Let y be w(12). Calculate the greatest common factor of u and y.
12
Let k(i) = -i**3 + 40*i**2 - 41*i + 83. Let z be k(39). Suppose -2*y - 3*h = -3*y + 28, -2*y + 51 = -z*h. What is the highest common divisor of 559 and y?
13
Let d be 2/(-5 - 214/(-42)). Suppose 168 = d*v - 18*v. Calculate the greatest common divisor of v and 8.
8
Let r(d) = 3*d**3 - 62*d**2 - 25*d + 14. Let t be r(22). What is the highest common factor of 952 and t?
56
Let x be 2*6/4 + 8 + -10. Suppose 0 = -z + 2*v - 3 - 5, z - 4*v + 6 = 0. Let y be z*x/(-45) + 2894/18. What is the highest common factor of 23 and y?
23
Let d be ((-5496)/18)/2*-3*1. Let n = 496 - d. Let b = -158 + 424. Calculate the greatest common factor of b and n.
38
Let r = 6780 - 6771. What is the highest common factor of r and 54?
9
Let j(q) = -3*q - 7. Let i(m) = -m + 15*m**3 + 0*m**2 + 4 - 16*m**3 + 2*m - 3*m**2. Let w be i(2). Let p be j(w). What is the highest common factor of 14 and p?
7
Let o = 334 + 199. Suppose -6*l - 53 = -o. What is the greatest common divisor of 340 and l?
20
Suppose -4*g + 2406 = -5*i, -1364 + 164 = -2*g + 2*i. What is the highest common factor of 864 and g?
54
Let x(l) = 207*l**2 - 25*l + 182. Let s be x(8). What is the highest common divisor of 30 and s?
30
Let x = 26239 + -25443. Calculate the greatest common divisor of 2587 and x.
199
Suppose -203*d = -154*d - 980. Calculate the highest common factor of 45 and d.
5
Let q(v) = -7*v + 11. Let p be q(1). Suppose 86 = 2*g + p*s, 3*s + 0*s = -3*g + 114. Suppose -9 = -9*u + 6*u. What is the highest common factor of g and u?
3
Suppose -33*r + 111379 = 2*r + 18559. Calculate the highest common factor of r and 204.
204
Let l = -67 - -103. Calculate the highest common divisor of 1500 and l.
12
Let c be 99 + -112 - 4646/(-2). What is the greatest common divisor of c and 18?
6
Let p(f) = -8*f. Let z be p(-3). Suppose 20 = -19*r + 115. Suppose -2*m - 15*g + 13*g = -36, 70 = r*m - 5*g. What is the greatest common factor of z and m?
8
Let y(h) = -972*h + 9721. Let l be y(10). What is the highest common divisor of l and 449?
1
Let k = -684 - -934. Calculate the greatest common divisor of k and 80.
10
Let s(u) = -3*u**2 - 116*u - 274. Let v be s(-29). Calculate the greatest common divisor of 117 and v.
9
Suppose 4*w = 1021 + 779. Suppose 2*p = 9*p + 6*p. Suppose 0 = -4*l + 8*l + 16, 3*n - 5*l - 170 = p. What is the greatest common factor of w and n?
50
Let n = 5229 - 5161. Calculate the highest common factor of n and 357.
17
Let a(r) = 25*r - 234. Suppose 13 + 67 = 4*b. Let f be a(b). Calculate the highest common factor of 14 and f.
14
Suppose -c + 64 = 2*i, 20*c - 38*c - 4*i = -928. What is the highest common divisor of c and 690?
10
Let l(g) = 5*g**3 - 26*g**2 + 8*g - 9. Let k be l(5). Calculate the greatest common factor of k and 296.
2
Let o = -74 - -184. Suppose 0 = 5*h + 4*s - 428, 94*s + 255 = 3*h + 97*s. What is the greatest common divisor of h and o?
22
Suppose -6 - 6 = 4*h. Let u = h - -8. Suppose o - u + 0 = 0. Calculate the highest common factor of o and 35.
5
Let b = 7767 - 7764. What is the greatest common factor of 36 and b?
3
Let n = 10194 + -10170. Calculate the highest common divisor of 240 and n.
24
Let c be (106 + 5)*4/6. Suppose 3*y - 4*x = -2*x + c, 4*x - 112 = -4*y. What is the highest common factor of 130 and y?
26
Suppose 5*j - 39*h + 34*h - 360 = 0, -2*j - 4*h + 108 = 0. What is the highest common divisor of 891 and j?
33
Suppose -3*p = 5*s - 4405, 37*p - 34*p = -2*s + 4408. What is the highest common factor of p and 3185?
245
Let d be (-7122)/(-36) - (96/64)/(-1 + -8). What is the highest common divisor of 4422 and d?
66
Let m = -2795 + 3092. What is the highest common divisor of 198 and m?
99
Let i be 3*(63461/33 + (-116)/1914). What is the highest common divisor of i and 9?
9
Suppose 26*y = -19*y + 1260. Suppose 4*n + 46 = -326. Let l = n - -177. What is the highest common factor of y and l?
28
Let k(r) = r**3 + 40*r**2 - 43*r - 81. Let w be k(-41). Let n be (6 + 874 - -2)*w. What is the highest common divisor of n and 98?
98
Suppose